26
Let k = -288 + 289. Calculate the remainder when ((3 - k) + 1)*205/15 is divided by 4.
1
Suppose c + 46*n - 44*n = 98, 2*n = -3*c + 282. What is the remainder when 427 is divided by c?
59
Let l = -3383 + 3650. Calculate the remainder when l is divided by 63.
15
Let z = -16109 - -16156. Calculate the remainder when 98 is divided by z.
4
Suppose -4 = -6*n - 22. Let o(p) = 273*p + 48. Let z(k) = 17*k + 3. Let r(x) = 6*o(x) - 99*z(x). What is the remainder when r(n) is divided by 43?
40
Suppose 5*h + 10 + 0 = 0. What is the remainder when (-4)/(-5) + ((-761)/(-5) - 0) is divided by (h + 15 - 0)*2?
23
What is the remainder when 1808/6*(2/(-13) - (-516)/312) is divided by 51?
44
Let c(b) = 3*b - 40. Let d be c(14). What is the remainder when -1*(3 + -2 - d) is divided by 1?
0
Suppose 66*g - 112745 = -55960 + 198701. What is the remainder when g is divided by 13?
10
Let i(p) = -6*p - 28. Let l be i(6). Let b = 154 + l. Suppose 5*c - z = b, c - 4*c + 4*z + 71 = 0. What is the remainder when 65 is divided by c?
14
Suppose -4*x + 6*h - 3*h = -471, 0 = -x + 4*h + 108. Let m = -83 + x. What is the remainder when m is divided by 20?
17
Suppose o + 161 = 2*o. Let k = 57787 + -57703. What is the remainder when o is divided by k?
77
Let r(u) = u - 6. Let s be r(4). Suppose -30 = 5*b, -4*l - 6*b + 3*b + 82 = 0. Calculate the remainder when l is divided by (-2)/s*(1 - -8).
7
Suppose 0 = 48*c - 220 - 797 + 105. Calculate the remainder when ((-4)/6)/(4/(-618)) is divided by c.
8
Let f be ((-1)/(-6)*-3)/(3/(-432)). Suppose -7*p + 110 = -4*p + 5*g, 3*g = -2*p + f. What is the remainder when 57 is divided by p?
27
Suppose 3*t - 5*c = -2*t - 340, 0 = 5*t + 2*c + 368. Let d = 42 - t. Calculate the remainder when d is divided by 40.
34
Let m = 33 + -32. Suppose 0 = 2*d + 3*q - 18, 2*q = d + 6 - m. Suppose -4*j + d*j + 21 = 0. What is the remainder when 81 is divided by j?
18
Let t = -57 + 125. Calculate the remainder when (1*51 - 154/77)*(-3 - -7) is divided by t.
60
Suppose -27968 = 65*u - 111*u. What is the remainder when u is divided by 562?
46
Let i(h) = -h**3 - 17*h**2 - 22*h - 60. Calculate the remainder when 466 is divided by i(-16).
34
Let w(o) = -731*o - 141. Calculate the remainder when w(-2) is divided by 39.
34
Let r(v) = 10*v**2 + 29*v - 111. Calculate the remainder when 179 is divided by r(-7).
3
Calculate the remainder when 85 is divided by 47 - (-3)/((6 - 5)/3).
29
Let i = -4040 - -4371. What is the remainder when i is divided by 173?
158
What is the remainder when 291 is divided by ((-1)/(-4)*-2)/(-13*15/16380)?
39
Let u be (18 + -19)/((-1)/16). Let s be 3 - 2 - 172/(u/(-4)). Calculate the remainder when 18 is divided by 520/s + (-4)/(-22).
6
Let c(l) = 44*l + 6. Let z be c(1). Suppose 49*s - z*s + 149 = 2*p, -204 = -3*p + 5*s. Calculate the remainder when 288 is divided by p.
69
Let s = -9043 - -9055. Calculate the remainder when 655 is divided by s.
7
Let r(y) = -45*y + 353. What is the remainder when r(4) is divided by 49?
26
What is the remainder when 163 is divided by (6 + (-204)/30)*-85?
27
Let b = -40 - -43. Suppose -5*f = -5*l + 40, l = -4*l + b*f + 48. Calculate the remainder when 55 is divided by l.
7
Suppose 0 = 8*x - 401 + 113. What is the remainder when 422 is divided by x?
26
Suppose 0 = -2*r + 5*s - 40, -2*s = -2*r + 10 - 38. Let n(g) = g**3 + 11*g**2 + 6*g - 25. Calculate the remainder when 58 is divided by n(r).
13
Let z(t) = 8*t**2 - 4*t + 11. Let q be z(4). Suppose i + q = 36. Let l = -76 - i. What is the remainder when 98 is divided by l?
10
Suppose 41*n - 10660 = -23*n + 23*n. Calculate the remainder when n is divided by 72.
44
Let t = 7707 + -7684. Calculate the remainder when 385 is divided by t.
17
Suppose 0*p + 5*p - 1488 = 2*p. What is the remainder when p is divided by 172?
152
Let l(q) = q**3 + 4*q - 2 - 1 - 6*q**2 + 4*q. Let s(z) = -3*z**2 + 14*z - 11. Let a be s(2). Calculate the remainder when l(a) is divided by 3.
0
Calculate the remainder when (-3)/39 - (-232224)/1248 is divided by 65.
56
What is the remainder when 593 is divided by (126/35)/(10683/(-1530) - -7)?
185
Let t be 8/(-8)*2/((-8)/(-1524)). Let m = t - -417. Calculate the remainder when 106 is divided by m.
34
Suppose 0 = -3*p - 5*s + 68, -5*s = -12*p + 17*p - 120. Calculate the remainder when 95 is divided by p.
17
Suppose -110 = -2*b + 4*z - 5*z, -z + 2 = 0. Calculate the remainder when 575 is divided by b.
35
Let z = 59 - 57. Let m be z/4*(128 - 6). Suppose 58*h + 42 = m*h. Calculate the remainder when 41 is divided by h.
13
Let n(b) = 5*b**2 + 23*b + 54. Suppose 4*h = 2*g + 148, -4*h - 2*g + 176 = h. Suppose 4*u + h = 7*u. Calculate the remainder when n(-2) is divided by u.
4
Suppose -2*r + 54 = 4*r. Let s(b) = 12*b**2 - 15. What is the remainder when s(-3) is divided by r?
3
Let w = 23 - -23. Let s(l) = w - 6*l - 28 - 35. Calculate the remainder when 20 is divided by s(-4).
6
Let m(v) = 2*v**2 - 20*v + 3. Let c be m(10). Let w be 1*c + 20/(-5). What is the remainder when 11 is divided by -6*(w - (3 + -5)/6)?
3
Let m(y) = -y**3 + 7*y**2 - 109*y + 408. Calculate the remainder when 39*(-2)/(-4)*6 is divided by m(4).
17
Let u be (1 - 1)/(-1 + 2). Suppose 20*k - 231 = -k. Suppose u = k*y - 10*y - 13. Calculate the remainder when y is divided by 3.
1
Let c(h) = 63*h + 1. Let w be c(-4). Let x = -216 - w. What is the remainder when 58 is divided by x?
23
Let j(o) = -32 - 11 + 13 - 26*o. What is the remainder when 47 is divided by j(-2)?
3
Suppose -4*k + 66 = 7*k. Suppose -8 = k*w - 2*w. Calculate the remainder when 67 - (w - -6) - -2 is divided by 19.
8
Suppose -9*s + 286 = -200. Suppose 3*k = 5*t + 55, -k + 2 + 19 = t. What is the remainder when s is divided by k?
14
Let x(s) = -22*s + 296. What is the remainder when 2750 is divided by x(3)?
220
Let z = 4 - -25. Suppose -167*c + 2 = -165*c, -c = 3*a - 415. Calculate the remainder when a is divided by z.
22
Let f = 40 - -26. Let h(r) = -23*r + 286. Let w be h(15). Let y = w + f. What is the remainder when 25 is divided by y?
4
Let d = 100 + -64. Let g = 42 - d. Suppose 0*j = g*j - 570. Calculate the remainder when j is divided by 24.
23
Let l be (-39255)/(-135) - (4/(-18) - 0). Let p = -281 + l. What is the remainder when 35 is divided by p?
5
Suppose -30*m + 97*m - 620 = 36*m. What is the remainder when 14177 is divided by m?
17
Suppose 0 = 3*c + 4*x + 88, -5*x = 8 + 12. Let d = c - -46. Calculate the remainder when 193 is divided by d.
17
Let o = -5954 + 5974. Calculate the remainder when 114 is divided by o.
14
Suppose 4*t - 30 = -5*k, -k + 16 = 2*t + 4. Suppose s + 1 = t, 0 = -5*v - 2*s + 38. What is the remainder when 13 is divided by v?
1
Suppose 0 = 5*y + 3*x - 5814, -4*x + 2320 = -19*y + 21*y. Calculate the remainder when y is divided by 5.
4
Let p(t) = -3*t - 34. Let d be p(17). What is the remainder when 252 is divided by -1*(-2 + d/(-5))*-3?
27
Let v(z) = -z**2 - 56*z - 416. Suppose q + 778 = 4*q + 2*g, 0 = 2*q + 5*g - 504. Calculate the remainder when q is divided by v(-10).
42
Calculate the remainder when 2*22/(-110) - (-4 + 131884/(-10)) is divided by 83.
78
Calculate the remainder when (3274656/72)/44 - (-2)/(-3) is divided by 6.
1
Let n(j) = 9*j**2 - 117*j + 758. What is the remainder when n(6) is divided by 178?
24
Suppose 180*r - 148*r - 4640 = 0. What is the remainder when r is divided by 52?
41
Suppose -855 = -6*n + 1341. Calculate the remainder when n is divided by 162.
42
Suppose s = -4 + 4. Let y be 92/22 + 10/(-55). Suppose -2*o = -s*o - y*j - 4, 0 = o - 3*j. What is the remainder when o is divided by 2?
0
Suppose -16*k + 22793 = 2*k + 509. What is the remainder when k is divided by 8?
6
Suppose -4*i = -4, 4*i + 8 - 6 = -3*g. What is the remainder when g + 176/2 + 6 is divided by 33?
26
Suppose 16*u - 81 = 13*u + 3*a, -4*u - 3*a = -122. What is the remainder when 655/15 + (-3)/(-9) is divided by u?
15
Let n = -21748 - -22496. Calculate the remainder when n is divided by 740.
8
Calculate the remainder when 60/70 + (-48)/7 - -112 is divided by 61.
45
Let p(x) = 2*x**2 - 70*x + 77. Let o be p(34). Let n = 1 + 12. Calculate the remainder when (o/(-12))/((-24)/992) is divided by n.
5
Let k = 292 + -96. Suppose 397*j = -565*j + 123*j - 92*j + 46550. Calculate the remainder when k is div